{"id":853,"date":"2022-10-28T18:50:50","date_gmt":"2022-10-28T18:50:50","guid":{"rendered":"https:\/\/isoseg.com.br\/rastreador\/?page_id=853"},"modified":"2025-09-20T17:37:16","modified_gmt":"2025-09-20T20:37:16","slug":"quem-somos-iso-seg-seguranca","status":"publish","type":"page","link":"https:\/\/isoseg.com.br\/rastreador\/quem-somos-iso-seg-seguranca\/","title":{"rendered":"Quem Somos &#8211; Iso Seg Seguran\u00e7a"},"content":{"rendered":"\t\t<div data-elementor-type=\"wp-page\" data-elementor-id=\"853\" class=\"elementor elementor-853\" data-elementor-post-type=\"page\">\n\t\t\t\t<div class=\"elementor-element elementor-element-3b25054 e-con-full e-flex e-con e-parent\" data-id=\"3b25054\" data-element_type=\"container\" data-settings=\"{&quot;background_background&quot;:&quot;classic&quot;}\">\n\t\t\t\t<div class=\"elementor-element elementor-element-f4e4a0d elementor-widget__width-inherit elementor-widget elementor-widget-text-editor\" data-id=\"f4e4a0d\" data-element_type=\"widget\" data-widget_type=\"text-editor.default\">\n\t\t\t\t<div class=\"elementor-widget-container\">\n\t\t\t<style>\/*! elementor - v3.23.0 - 05-08-2024 *\/\n.elementor-widget-text-editor.elementor-drop-cap-view-stacked .elementor-drop-cap{background-color:#69727d;color:#fff}.elementor-widget-text-editor.elementor-drop-cap-view-framed .elementor-drop-cap{color:#69727d;border:3px solid;background-color:transparent}.elementor-widget-text-editor:not(.elementor-drop-cap-view-default) .elementor-drop-cap{margin-top:8px}.elementor-widget-text-editor:not(.elementor-drop-cap-view-default) .elementor-drop-cap-letter{width:1em;height:1em}.elementor-widget-text-editor .elementor-drop-cap{float:left;text-align:center;line-height:1;font-size:50px}.elementor-widget-text-editor .elementor-drop-cap-letter{display:inline-block}<\/style>\t\t\t\t<p>sobre a <span style=\"color: #d80000;\">iso seg<\/span><\/p>\t\t\t\t\t\t<\/div>\n\t\t\t\t<\/div>\n\t\t\t\t<\/div>\n\t\t<div class=\"elementor-element elementor-element-cd24fe5 e-flex e-con-boxed e-con e-parent\" data-id=\"cd24fe5\" data-element_type=\"container\">\n\t\t\t\t\t<div class=\"e-con-inner\">\n\t\t\t\t<div class=\"elementor-element elementor-element-529b593 elementor-widget__width-inherit animated-slow dce_masking-none elementor-invisible elementor-widget elementor-widget-image\" data-id=\"529b593\" data-element_type=\"widget\" data-settings=\"{&quot;_animation&quot;:&quot;zoomIn&quot;}\" data-widget_type=\"image.default\">\n\t\t\t\t<div class=\"elementor-widget-container\">\n\t\t\t<style>\/*! elementor - v3.23.0 - 05-08-2024 *\/\n.elementor-widget-image{text-align:center}.elementor-widget-image a{display:inline-block}.elementor-widget-image a img[src$=\".svg\"]{width:48px}.elementor-widget-image img{vertical-align:middle;display:inline-block}<\/style>\t\t\t\t\t\t\t\t\t\t<img fetchpriority=\"high\" decoding=\"async\" width=\"512\" height=\"512\" src=\"https:\/\/isoseg.com.br\/rastreador\/wp-content\/uploads\/2025\/09\/rastreador-e-bloqueador-veicular-iso-seg.png\" class=\"attachment-large size-large wp-image-14893\" alt=\"\" srcset=\"https:\/\/isoseg.com.br\/rastreador\/wp-content\/uploads\/2025\/09\/rastreador-e-bloqueador-veicular-iso-seg.png 512w, https:\/\/isoseg.com.br\/rastreador\/wp-content\/uploads\/2025\/09\/rastreador-e-bloqueador-veicular-iso-seg-300x300.png 300w, https:\/\/isoseg.com.br\/rastreador\/wp-content\/uploads\/2025\/09\/rastreador-e-bloqueador-veicular-iso-seg-150x150.png 150w\" sizes=\"(max-width: 512px) 100vw, 512px\" \/>\t\t\t\t\t\t\t\t\t\t\t\t\t<\/div>\n\t\t\t\t<\/div>\n\t\t\t\t<div class=\"elementor-element elementor-element-f593b8a animated-slow elementor-invisible elementor-widget elementor-widget-text-editor\" data-id=\"f593b8a\" data-element_type=\"widget\" data-settings=\"{&quot;_animation&quot;:&quot;zoomIn&quot;}\" data-widget_type=\"text-editor.default\">\n\t\t\t\t<div class=\"elementor-widget-container\">\n\t\t\t\t\t\t\t<p>A\u00a0<strong><span style=\"color: #d80000;\">ISO SEG<\/span><\/strong> atua desde 1998 no ramo de seguran\u00e7a patrimonial. Estamos sempre inovando e buscando investir no que h\u00e1 de mais atualizado no segmento de seguran\u00e7a eletr\u00f4nica\u00a0 para empresas e com\u00e9rcios de diversos portes e ramos de atividade e tamb\u00e9m para resid\u00eancias e condom\u00ednios.<\/p><p>Essa constante inova\u00e7\u00e3o permite a\u00a0<span style=\"color: #d80000;\"><strong>ISO SEG<\/strong><\/span>\u00a0disponibilizar os mais variados tipos de servi\u00e7os direcionados a seguran\u00e7a patrimonial, desenvolvendo projetos estrat\u00e9gicos e exclusivos de acordo com as reais necessidades\u00a0 e perfil de cada cliente, de maneira eficaz e com valores diferenciados e acess\u00edveis a todos.<\/p><p>Desde\u00a0<b>2018<\/b>\u00a0passamos a oferecer tamb\u00e9m a concess\u00e3o de uso particular de\u00a0<b>plataforma<\/b>\u00a0e\u00a0<b>aplicativo de rastreamento veicular<\/b>.\u00a0<br \/><br \/>\ud83d\udcd6 \ud835\ude3e\ud835\ude64\ud835\ude63\ud835\ude68\ud835\ude56\ud835\ude5c\ud835\ude67\ud835\ude5a \ud835\ude56\ud835\ude64 \ud835\ude4e\ud835\ude5a\ud835\ude63\ud835\ude5d\ud835\ude64\ud835\ude67 \ud835\ude69\ud835\ude6a\ud835\ude59\ud835\ude64 \ud835\ude64 \ud835\ude66\ud835\ude6a\ud835\ude5a \ud835\ude6b\ud835\ude64\ud835\ude58\ud835\ude5a\u0302 \ud835\ude5b\ud835\ude56\ud835\ude6f \ud835\ude5a \ud835\ude64\ud835\ude68 \ud835\ude68\ud835\ude5a\ud835\ude6a\ud835\ude68 \ud835\ude65\ud835\ude61\ud835\ude56\ud835\ude63\ud835\ude64\ud835\ude68 \ud835\ude68\ud835\ude5a\ud835\ude67\ud835\ude56\u0303\ud835\ude64 \ud835\ude57\ud835\ude5a\ud835\ude62-\ud835\ude68\ud835\ude6a\ud835\ude58\ud835\ude5a\ud835\ude59\ud835\ude5e\ud835\ude59\ud835\ude64\ud835\ude68 &#8211; Prov\u00e9rbios 16:3.<br \/><br \/>Foi assim que ao longo de mais de 25 anos de hist\u00f3ria, conquistamos a confian\u00e7a de clientes em todo o Brasil.<\/p><p>\u00a0<\/p>\t\t\t\t\t\t<\/div>\n\t\t\t\t<\/div>\n\t\t\t\t\t<\/div>\n\t\t\t\t<\/div>\n\t\t\t\t<section data-particle_enable=\"false\" data-particle-mobile-disabled=\"false\" class=\"elementor-section elementor-top-section elementor-element elementor-element-84cc066 elementor-section-boxed elementor-section-height-default elementor-section-height-default\" data-id=\"84cc066\" data-element_type=\"section\" data-settings=\"{&quot;background_background&quot;:&quot;classic&quot;,&quot;shape_divider_top&quot;:&quot;tilt&quot;}\">\n\t\t\t\t\t<div class=\"elementor-shape elementor-shape-top\" data-negative=\"false\">\n\t\t\t<svg xmlns=\"http:\/\/www.w3.org\/2000\/svg\" viewBox=\"0 0 1000 100\" preserveAspectRatio=\"none\">\n\t<path class=\"elementor-shape-fill\" d=\"M0,6V0h1000v100L0,6z\"\/>\n<\/svg>\t\t<\/div>\n\t\t\t\t\t<div class=\"elementor-container elementor-column-gap-default\">\n\t\t\t\t\t<div class=\"elementor-column elementor-col-33 elementor-top-column elementor-element elementor-element-1f9c4a7\" data-id=\"1f9c4a7\" data-element_type=\"column\">\n\t\t\t<div class=\"elementor-widget-wrap elementor-element-populated\">\n\t\t\t\t\t\t<div class=\"elementor-element elementor-element-32bf2d6 elementor-view-default elementor-widget elementor-widget-icon\" data-id=\"32bf2d6\" data-element_type=\"widget\" data-widget_type=\"icon.default\">\n\t\t\t\t<div class=\"elementor-widget-container\">\n\t\t\t\t\t<div class=\"elementor-icon-wrapper\">\n\t\t\t<div class=\"elementor-icon\">\n\t\t\t<svg aria-hidden=\"true\" class=\"e-font-icon-svg e-fas-rocket\" viewBox=\"0 0 512 512\" xmlns=\"http:\/\/www.w3.org\/2000\/svg\"><path d=\"M505.12019,19.09375c-1.18945-5.53125-6.65819-11-12.207-12.1875C460.716,0,435.507,0,410.40747,0,307.17523,0,245.26909,55.20312,199.05238,128H94.83772c-16.34763.01562-35.55658,11.875-42.88664,26.48438L2.51562,253.29688A28.4,28.4,0,0,0,0,264a24.00867,24.00867,0,0,0,24.00582,24H127.81618l-22.47457,22.46875c-11.36521,11.36133-12.99607,32.25781,0,45.25L156.24582,406.625c11.15623,11.1875,32.15619,13.15625,45.27726,0l22.47457-22.46875V488a24.00867,24.00867,0,0,0,24.00581,24,28.55934,28.55934,0,0,0,10.707-2.51562l98.72834-49.39063c14.62888-7.29687,26.50776-26.5,26.50776-42.85937V312.79688c72.59753-46.3125,128.03493-108.40626,128.03493-211.09376C512.07526,76.5,512.07526,51.29688,505.12019,19.09375ZM384.04033,168A40,40,0,1,1,424.05,128,40.02322,40.02322,0,0,1,384.04033,168Z\"><\/path><\/svg>\t\t\t<\/div>\n\t\t<\/div>\n\t\t\t\t<\/div>\n\t\t\t\t<\/div>\n\t\t\t\t<div class=\"elementor-element elementor-element-58418bc elementor-widget__width-inherit elementor-widget elementor-widget-text-editor\" data-id=\"58418bc\" data-element_type=\"widget\" data-widget_type=\"text-editor.default\">\n\t\t\t\t<div class=\"elementor-widget-container\">\n\t\t\t\t\t\t\t<p>Nossa <span style=\"color: #d80000;\">miss\u00e3o<\/span><\/p>\t\t\t\t\t\t<\/div>\n\t\t\t\t<\/div>\n\t\t\t\t<div class=\"elementor-element elementor-element-8a88b40 elementor-widget elementor-widget-text-editor\" data-id=\"8a88b40\" data-element_type=\"widget\" data-widget_type=\"text-editor.default\">\n\t\t\t\t<div class=\"elementor-widget-container\">\n\t\t\t\t\t\t\t<p>Oferecer solu\u00e7\u00f5es em rastreamento veicular que unem tecnologia, seguran\u00e7a e confiabilidade, garantindo tranquilidade e prote\u00e7\u00e3o para nossos clientes em qualquer lugar.<\/p>\t\t\t\t\t\t<\/div>\n\t\t\t\t<\/div>\n\t\t\t\t\t<\/div>\n\t\t<\/div>\n\t\t\t\t<div class=\"elementor-column elementor-col-33 elementor-top-column elementor-element elementor-element-135e88f\" data-id=\"135e88f\" data-element_type=\"column\">\n\t\t\t<div class=\"elementor-widget-wrap elementor-element-populated\">\n\t\t\t\t\t\t<div class=\"elementor-element elementor-element-d5b56e5 elementor-view-default elementor-widget elementor-widget-icon\" data-id=\"d5b56e5\" data-element_type=\"widget\" data-widget_type=\"icon.default\">\n\t\t\t\t<div class=\"elementor-widget-container\">\n\t\t\t\t\t<div class=\"elementor-icon-wrapper\">\n\t\t\t<div class=\"elementor-icon\">\n\t\t\t<svg aria-hidden=\"true\" class=\"e-font-icon-svg e-far-eye\" viewBox=\"0 0 576 512\" xmlns=\"http:\/\/www.w3.org\/2000\/svg\"><path d=\"M288 144a110.94 110.94 0 0 0-31.24 5 55.4 55.4 0 0 1 7.24 27 56 56 0 0 1-56 56 55.4 55.4 0 0 1-27-7.24A111.71 111.71 0 1 0 288 144zm284.52 97.4C518.29 135.59 410.93 64 288 64S57.68 135.64 3.48 241.41a32.35 32.35 0 0 0 0 29.19C57.71 376.41 165.07 448 288 448s230.32-71.64 284.52-177.41a32.35 32.35 0 0 0 0-29.19zM288 400c-98.65 0-189.09-55-237.93-144C98.91 167 189.34 112 288 112s189.09 55 237.93 144C477.1 345 386.66 400 288 400z\"><\/path><\/svg>\t\t\t<\/div>\n\t\t<\/div>\n\t\t\t\t<\/div>\n\t\t\t\t<\/div>\n\t\t\t\t<div class=\"elementor-element elementor-element-f9ae3f4 elementor-widget__width-inherit elementor-widget elementor-widget-text-editor\" data-id=\"f9ae3f4\" data-element_type=\"widget\" data-widget_type=\"text-editor.default\">\n\t\t\t\t<div class=\"elementor-widget-container\">\n\t\t\t\t\t\t\t<p>Nossa <span style=\"color: #d80000;\">vis\u00e3o<\/span><\/p>\t\t\t\t\t\t<\/div>\n\t\t\t\t<\/div>\n\t\t\t\t<div class=\"elementor-element elementor-element-f11ea90 elementor-widget elementor-widget-text-editor\" data-id=\"f11ea90\" data-element_type=\"widget\" data-widget_type=\"text-editor.default\">\n\t\t\t\t<div class=\"elementor-widget-container\">\n\t\t\t\t\t\t\t<p>Ser refer\u00eancia nacional em rastreamento veicular, reconhecida pela inova\u00e7\u00e3o, excel\u00eancia no atendimento e compromisso em proteger o patrim\u00f4nio de pessoas e empresas.<\/p>\t\t\t\t\t\t<\/div>\n\t\t\t\t<\/div>\n\t\t\t\t\t<\/div>\n\t\t<\/div>\n\t\t\t\t<div class=\"elementor-column elementor-col-33 elementor-top-column elementor-element elementor-element-8534be5\" data-id=\"8534be5\" data-element_type=\"column\">\n\t\t\t<div class=\"elementor-widget-wrap elementor-element-populated\">\n\t\t\t\t\t\t<div class=\"elementor-element elementor-element-5314a60 elementor-view-default elementor-widget elementor-widget-icon\" data-id=\"5314a60\" data-element_type=\"widget\" data-widget_type=\"icon.default\">\n\t\t\t\t<div class=\"elementor-widget-container\">\n\t\t\t\t\t<div class=\"elementor-icon-wrapper\">\n\t\t\t<div class=\"elementor-icon\">\n\t\t\t<svg aria-hidden=\"true\" class=\"e-font-icon-svg e-fas-handshake\" viewBox=\"0 0 640 512\" xmlns=\"http:\/\/www.w3.org\/2000\/svg\"><path d=\"M434.7 64h-85.9c-8 0-15.7 3-21.6 8.4l-98.3 90c-.1.1-.2.3-.3.4-16.6 15.6-16.3 40.5-2.1 56 12.7 13.9 39.4 17.6 56.1 2.7.1-.1.3-.1.4-.2l79.9-73.2c6.5-5.9 16.7-5.5 22.6 1 6 6.5 5.5 16.6-1 22.6l-26.1 23.9L504 313.8c2.9 2.4 5.5 5 7.9 7.7V128l-54.6-54.6c-5.9-6-14.1-9.4-22.6-9.4zM544 128.2v223.9c0 17.7 14.3 32 32 32h64V128.2h-96zm48 223.9c-8.8 0-16-7.2-16-16s7.2-16 16-16 16 7.2 16 16-7.2 16-16 16zM0 384h64c17.7 0 32-14.3 32-32V128.2H0V384zm48-63.9c8.8 0 16 7.2 16 16s-7.2 16-16 16-16-7.2-16-16c0-8.9 7.2-16 16-16zm435.9 18.6L334.6 217.5l-30 27.5c-29.7 27.1-75.2 24.5-101.7-4.4-26.9-29.4-24.8-74.9 4.4-101.7L289.1 64h-83.8c-8.5 0-16.6 3.4-22.6 9.4L128 128v223.9h18.3l90.5 81.9c27.4 22.3 67.7 18.1 90-9.3l.2-.2 17.9 15.5c15.9 13 39.4 10.5 52.3-5.4l31.4-38.6 5.4 4.4c13.7 11.1 33.9 9.1 45-4.7l9.5-11.7c11.2-13.8 9.1-33.9-4.6-45.1z\"><\/path><\/svg>\t\t\t<\/div>\n\t\t<\/div>\n\t\t\t\t<\/div>\n\t\t\t\t<\/div>\n\t\t\t\t<div class=\"elementor-element elementor-element-c9f560c elementor-widget__width-inherit elementor-widget elementor-widget-text-editor\" data-id=\"c9f560c\" data-element_type=\"widget\" data-widget_type=\"text-editor.default\">\n\t\t\t\t<div class=\"elementor-widget-container\">\n\t\t\t\t\t\t\t<p>Nossos <span style=\"color: #d80000;\">valores<\/span><\/p>\t\t\t\t\t\t<\/div>\n\t\t\t\t<\/div>\n\t\t\t\t<div class=\"elementor-element elementor-element-c606ae7 elementor-widget elementor-widget-text-editor\" data-id=\"c606ae7\" data-element_type=\"widget\" data-widget_type=\"text-editor.default\">\n\t\t\t\t<div class=\"elementor-widget-container\">\n\t\t\t\t\t\t\t<ul><li>\u00c9tica, transpar\u00eancia e comprometimento<\/li><li>Buscar cont\u00ednia por inova\u00e7\u00f5es<\/li><li>Excel\u00eancia e qualidade nos servi\u00e7os prestados e produtos fornecidos<\/li><li>Respeito com nossos clientes e colaboradores.<\/li><\/ul>\t\t\t\t\t\t<\/div>\n\t\t\t\t<\/div>\n\t\t\t\t\t<\/div>\n\t\t<\/div>\n\t\t\t\t\t<\/div>\n\t\t<\/section>\n\t\t\t\t<\/div>\n\t\t","protected":false},"excerpt":{"rendered":"<p>sobre a iso seg A\u00a0ISO SEG atua desde 1998 no ramo de seguran\u00e7a patrimonial. Estamos sempre inovando e buscando investir no que h\u00e1 de mais atualizado no segmento de seguran\u00e7a eletr\u00f4nica\u00a0 para empresas e com\u00e9rcios de diversos portes e ramos de atividade e tamb\u00e9m para resid\u00eancias e condom\u00ednios. Essa constante inova\u00e7\u00e3o permite a\u00a0ISO SEG\u00a0disponibilizar os [&hellip;]<\/p>\n","protected":false},"author":4,"featured_media":0,"parent":0,"menu_order":0,"comment_status":"closed","ping_status":"closed","template":"elementor_header_footer","meta":{"_acf_changed":false,"om_disable_all_campaigns":false,"_monsterinsights_skip_tracking":false,"_monsterinsights_sitenote_active":false,"_monsterinsights_sitenote_note":"","_monsterinsights_sitenote_category":0,"footnotes":""},"class_list":["post-853","page","type-page","status-publish","hentry"],"acf":[],"yoast_head":"<!-- This site is optimized with the Yoast SEO plugin v23.6 - https:\/\/yoast.com\/wordpress\/plugins\/seo\/ -->\n<title>Quem Somos - Iso Seg Seguran\u00e7a - Rastreador<\/title>\n<meta name=\"robots\" content=\"index, follow, max-snippet:-1, max-image-preview:large, max-video-preview:-1\" \/>\n<meta property=\"og:locale\" content=\"en_US\" \/>\n<meta property=\"og:type\" content=\"article\" \/>\n<meta property=\"og:title\" content=\"Quem Somos - Iso Seg Seguran\u00e7a - Rastreador\" \/>\n<meta property=\"og:description\" content=\"sobre a iso seg A\u00a0ISO SEG atua desde 1998 no ramo de seguran\u00e7a patrimonial. Estamos sempre inovando e buscando investir no que h\u00e1 de mais atualizado no segmento de seguran\u00e7a eletr\u00f4nica\u00a0 para empresas e com\u00e9rcios de diversos portes e ramos de atividade e tamb\u00e9m para resid\u00eancias e condom\u00ednios. Essa constante inova\u00e7\u00e3o permite a\u00a0ISO SEG\u00a0disponibilizar os [&hellip;]\" \/>\n<meta property=\"og:url\" content=\"https:\/\/isoseg.com.br\/rastreador\/quem-somos-iso-seg-seguranca\/\" \/>\n<meta property=\"og:site_name\" content=\"Rastreador\" \/>\n<meta property=\"article:publisher\" content=\"https:\/\/www.instagram.com\/isoseg.rastreador\" \/>\n<meta property=\"article:modified_time\" content=\"2025-09-20T20:37:16+00:00\" \/>\n<meta property=\"og:image\" content=\"https:\/\/isoseg.com.br\/rastreador\/wp-content\/uploads\/2025\/09\/rastreador-e-bloqueador-veicular-iso-seg.png\" \/>\n\t<meta property=\"og:image:width\" content=\"512\" \/>\n\t<meta property=\"og:image:height\" content=\"512\" \/>\n\t<meta property=\"og:image:type\" content=\"image\/png\" \/>\n<meta name=\"twitter:card\" content=\"summary_large_image\" \/>\n<meta name=\"twitter:label1\" content=\"Est. reading time\" \/>\n\t<meta name=\"twitter:data1\" content=\"2 minutes\" \/>\n<script type=\"application\/ld+json\" class=\"yoast-schema-graph\">{\"@context\":\"https:\/\/schema.org\",\"@graph\":[{\"@type\":\"WebPage\",\"@id\":\"https:\/\/isoseg.com.br\/rastreador\/quem-somos-iso-seg-seguranca\/\",\"url\":\"https:\/\/isoseg.com.br\/rastreador\/quem-somos-iso-seg-seguranca\/\",\"name\":\"Quem Somos - Iso Seg Seguran\u00e7a - Rastreador\",\"isPartOf\":{\"@id\":\"https:\/\/isoseg.com.br\/rastreador\/#website\"},\"primaryImageOfPage\":{\"@id\":\"https:\/\/isoseg.com.br\/rastreador\/quem-somos-iso-seg-seguranca\/#primaryimage\"},\"image\":{\"@id\":\"https:\/\/isoseg.com.br\/rastreador\/quem-somos-iso-seg-seguranca\/#primaryimage\"},\"thumbnailUrl\":\"https:\/\/isoseg.com.br\/rastreador\/wp-content\/uploads\/2025\/09\/rastreador-e-bloqueador-veicular-iso-seg.png\",\"datePublished\":\"2022-10-28T18:50:50+00:00\",\"dateModified\":\"2025-09-20T20:37:16+00:00\",\"breadcrumb\":{\"@id\":\"https:\/\/isoseg.com.br\/rastreador\/quem-somos-iso-seg-seguranca\/#breadcrumb\"},\"inLanguage\":\"en-US\",\"potentialAction\":[{\"@type\":\"ReadAction\",\"target\":[\"https:\/\/isoseg.com.br\/rastreador\/quem-somos-iso-seg-seguranca\/\"]}]},{\"@type\":\"ImageObject\",\"inLanguage\":\"en-US\",\"@id\":\"https:\/\/isoseg.com.br\/rastreador\/quem-somos-iso-seg-seguranca\/#primaryimage\",\"url\":\"https:\/\/isoseg.com.br\/rastreador\/wp-content\/uploads\/2025\/09\/rastreador-e-bloqueador-veicular-iso-seg.png\",\"contentUrl\":\"https:\/\/isoseg.com.br\/rastreador\/wp-content\/uploads\/2025\/09\/rastreador-e-bloqueador-veicular-iso-seg.png\",\"width\":512,\"height\":512},{\"@type\":\"BreadcrumbList\",\"@id\":\"https:\/\/isoseg.com.br\/rastreador\/quem-somos-iso-seg-seguranca\/#breadcrumb\",\"itemListElement\":[{\"@type\":\"ListItem\",\"position\":1,\"name\":\"Home\",\"item\":\"https:\/\/isoseg.com.br\/rastreador\/\"},{\"@type\":\"ListItem\",\"position\":2,\"name\":\"Quem Somos &#8211; Iso Seg Seguran\u00e7a\"}]},{\"@type\":\"WebSite\",\"@id\":\"https:\/\/isoseg.com.br\/rastreador\/#website\",\"url\":\"https:\/\/isoseg.com.br\/rastreador\/\",\"name\":\"Rastreador Veicular Iso Seg\",\"description\":\"Rastreador veicular, Bloqueador veicular, Rastreador\",\"publisher\":{\"@id\":\"https:\/\/isoseg.com.br\/rastreador\/#organization\"},\"alternateName\":\"Iso Seg Rastreador\",\"potentialAction\":[{\"@type\":\"SearchAction\",\"target\":{\"@type\":\"EntryPoint\",\"urlTemplate\":\"https:\/\/isoseg.com.br\/rastreador\/?s={search_term_string}\"},\"query-input\":{\"@type\":\"PropertyValueSpecification\",\"valueRequired\":true,\"valueName\":\"search_term_string\"}}],\"inLanguage\":\"en-US\"},{\"@type\":\"Organization\",\"@id\":\"https:\/\/isoseg.com.br\/rastreador\/#organization\",\"name\":\"Rastreador Iso Seg\",\"alternateName\":\"Rastreador Veicular Iso Seg\",\"url\":\"https:\/\/isoseg.com.br\/rastreador\/\",\"logo\":{\"@type\":\"ImageObject\",\"inLanguage\":\"en-US\",\"@id\":\"https:\/\/isoseg.com.br\/rastreador\/#\/schema\/logo\/image\/\",\"url\":\"https:\/\/isoseg.com.br\/rastreador\/wp-content\/uploads\/2022\/10\/0-logo-3.png\",\"contentUrl\":\"https:\/\/isoseg.com.br\/rastreador\/wp-content\/uploads\/2022\/10\/0-logo-3.png\",\"width\":922,\"height\":922,\"caption\":\"Rastreador Iso Seg\"},\"image\":{\"@id\":\"https:\/\/isoseg.com.br\/rastreador\/#\/schema\/logo\/image\/\"},\"sameAs\":[\"https:\/\/www.instagram.com\/isoseg.rastreador\"]}]}<\/script>\n<!-- \/ Yoast SEO plugin. -->","yoast_head_json":{"title":"Quem Somos - Iso Seg Seguran\u00e7a - Rastreador","robots":{"index":"index","follow":"follow","max-snippet":"max-snippet:-1","max-image-preview":"max-image-preview:large","max-video-preview":"max-video-preview:-1"},"og_locale":"en_US","og_type":"article","og_title":"Quem Somos - Iso Seg Seguran\u00e7a - Rastreador","og_description":"sobre a iso seg A\u00a0ISO SEG atua desde 1998 no ramo de seguran\u00e7a patrimonial. Estamos sempre inovando e buscando investir no que h\u00e1 de mais atualizado no segmento de seguran\u00e7a eletr\u00f4nica\u00a0 para empresas e com\u00e9rcios de diversos portes e ramos de atividade e tamb\u00e9m para resid\u00eancias e condom\u00ednios. Essa constante inova\u00e7\u00e3o permite a\u00a0ISO SEG\u00a0disponibilizar os [&hellip;]","og_url":"https:\/\/isoseg.com.br\/rastreador\/quem-somos-iso-seg-seguranca\/","og_site_name":"Rastreador","article_publisher":"https:\/\/www.instagram.com\/isoseg.rastreador","article_modified_time":"2025-09-20T20:37:16+00:00","og_image":[{"width":512,"height":512,"url":"https:\/\/isoseg.com.br\/rastreador\/wp-content\/uploads\/2025\/09\/rastreador-e-bloqueador-veicular-iso-seg.png","type":"image\/png"}],"twitter_card":"summary_large_image","twitter_misc":{"Est. reading time":"2 minutes"},"schema":{"@context":"https:\/\/schema.org","@graph":[{"@type":"WebPage","@id":"https:\/\/isoseg.com.br\/rastreador\/quem-somos-iso-seg-seguranca\/","url":"https:\/\/isoseg.com.br\/rastreador\/quem-somos-iso-seg-seguranca\/","name":"Quem Somos - Iso Seg Seguran\u00e7a - Rastreador","isPartOf":{"@id":"https:\/\/isoseg.com.br\/rastreador\/#website"},"primaryImageOfPage":{"@id":"https:\/\/isoseg.com.br\/rastreador\/quem-somos-iso-seg-seguranca\/#primaryimage"},"image":{"@id":"https:\/\/isoseg.com.br\/rastreador\/quem-somos-iso-seg-seguranca\/#primaryimage"},"thumbnailUrl":"https:\/\/isoseg.com.br\/rastreador\/wp-content\/uploads\/2025\/09\/rastreador-e-bloqueador-veicular-iso-seg.png","datePublished":"2022-10-28T18:50:50+00:00","dateModified":"2025-09-20T20:37:16+00:00","breadcrumb":{"@id":"https:\/\/isoseg.com.br\/rastreador\/quem-somos-iso-seg-seguranca\/#breadcrumb"},"inLanguage":"en-US","potentialAction":[{"@type":"ReadAction","target":["https:\/\/isoseg.com.br\/rastreador\/quem-somos-iso-seg-seguranca\/"]}]},{"@type":"ImageObject","inLanguage":"en-US","@id":"https:\/\/isoseg.com.br\/rastreador\/quem-somos-iso-seg-seguranca\/#primaryimage","url":"https:\/\/isoseg.com.br\/rastreador\/wp-content\/uploads\/2025\/09\/rastreador-e-bloqueador-veicular-iso-seg.png","contentUrl":"https:\/\/isoseg.com.br\/rastreador\/wp-content\/uploads\/2025\/09\/rastreador-e-bloqueador-veicular-iso-seg.png","width":512,"height":512},{"@type":"BreadcrumbList","@id":"https:\/\/isoseg.com.br\/rastreador\/quem-somos-iso-seg-seguranca\/#breadcrumb","itemListElement":[{"@type":"ListItem","position":1,"name":"Home","item":"https:\/\/isoseg.com.br\/rastreador\/"},{"@type":"ListItem","position":2,"name":"Quem Somos &#8211; Iso Seg Seguran\u00e7a"}]},{"@type":"WebSite","@id":"https:\/\/isoseg.com.br\/rastreador\/#website","url":"https:\/\/isoseg.com.br\/rastreador\/","name":"Rastreador Veicular Iso Seg","description":"Rastreador veicular, Bloqueador veicular, Rastreador","publisher":{"@id":"https:\/\/isoseg.com.br\/rastreador\/#organization"},"alternateName":"Iso Seg Rastreador","potentialAction":[{"@type":"SearchAction","target":{"@type":"EntryPoint","urlTemplate":"https:\/\/isoseg.com.br\/rastreador\/?s={search_term_string}"},"query-input":{"@type":"PropertyValueSpecification","valueRequired":true,"valueName":"search_term_string"}}],"inLanguage":"en-US"},{"@type":"Organization","@id":"https:\/\/isoseg.com.br\/rastreador\/#organization","name":"Rastreador Iso Seg","alternateName":"Rastreador Veicular Iso Seg","url":"https:\/\/isoseg.com.br\/rastreador\/","logo":{"@type":"ImageObject","inLanguage":"en-US","@id":"https:\/\/isoseg.com.br\/rastreador\/#\/schema\/logo\/image\/","url":"https:\/\/isoseg.com.br\/rastreador\/wp-content\/uploads\/2022\/10\/0-logo-3.png","contentUrl":"https:\/\/isoseg.com.br\/rastreador\/wp-content\/uploads\/2022\/10\/0-logo-3.png","width":922,"height":922,"caption":"Rastreador Iso Seg"},"image":{"@id":"https:\/\/isoseg.com.br\/rastreador\/#\/schema\/logo\/image\/"},"sameAs":["https:\/\/www.instagram.com\/isoseg.rastreador"]}]}},"_hostinger_reach_plugin_has_subscription_block":false,"_hostinger_reach_plugin_is_elementor":false,"_links":{"self":[{"href":"https:\/\/isoseg.com.br\/rastreador\/wp-json\/wp\/v2\/pages\/853","targetHints":{"allow":["GET"]}}],"collection":[{"href":"https:\/\/isoseg.com.br\/rastreador\/wp-json\/wp\/v2\/pages"}],"about":[{"href":"https:\/\/isoseg.com.br\/rastreador\/wp-json\/wp\/v2\/types\/page"}],"author":[{"embeddable":true,"href":"https:\/\/isoseg.com.br\/rastreador\/wp-json\/wp\/v2\/users\/4"}],"replies":[{"embeddable":true,"href":"https:\/\/isoseg.com.br\/rastreador\/wp-json\/wp\/v2\/comments?post=853"}],"version-history":[{"count":61,"href":"https:\/\/isoseg.com.br\/rastreador\/wp-json\/wp\/v2\/pages\/853\/revisions"}],"predecessor-version":[{"id":14910,"href":"https:\/\/isoseg.com.br\/rastreador\/wp-json\/wp\/v2\/pages\/853\/revisions\/14910"}],"wp:attachment":[{"href":"https:\/\/isoseg.com.br\/rastreador\/wp-json\/wp\/v2\/media?parent=853"}],"curies":[{"name":"wp","href":"https:\/\/api.w.org\/{rel}","templated":true}]}}